8*l + 5. Let q(t) = t**2 - 27*t + 118. Let v be q(22). Give u(v).
5
Let k = 44 - 43. Let g be (-5 - -1)*k*(-1)/2. Suppose -g*m = -3*a + 20, 5*a - m - 4*m - 35 = 0. Let n(q) = -q**3 + 4*q**2 + 9*q - 2. Determine n(a).
-20
Let b(m) = m**3 + 7*m**2 + 4*m - 3. Let c(d) = 10*d + 34. Let i be (((-216)/30)/(-9))/(2/(-10)). Let h be c(i). Calculate b(h).
9
Let j(k) be the first derivative of 4*k**2 + 4*k + 53. Let v(h) = -22*h - 12. Let s(t) = 8*j(t) + 3*v(t). Determine s(-4).
4
Let o(g) = -94*g - 13 + 2*g**2 - 47*g + 147*g. Determine o(6).
95
Suppose 4*k = -2*d + 30, -2*d + 5*k = -3*d + 9. Let j(c) = -16 - 5*c**3 - 8*c**2 + d + 4*c**3. Let o be -4*3*(-6)/(-9). Give j(o).
3
Let y be 3*(-7 + (15 - 7)). Let c = 20 + -17. Let o(a) = 3*a**2 + a - 6*a**2 + a**3 + 0*a**3 + c. Calculate o(y).
6
Suppose 159 + 186 = -3*o. Let n = -107 - o. Let a(g) = -7*g**2 - 2 - g**3 + g**3 + g**3 - 8*g. Calculate a(n).
-2
Let j(h) = -2*h - 10. Let m be ((-14)/(-28))/((-1)/168). Let w = 81 + m. Let s be 91/(-14) - 2*w/(-12). What is j(s)?
4
Let h(i) = -2*i**2 + 1. Let g(m) = -m**2 - m**2 + m + 3*m**2 + 4*m**2 - 7*m**2. Let d(l) = 3*g(l) - 4*h(l). Determine d(2).
10
Let q(w) = -19*w - 117. Suppose 77*f - 3083 = 385*f - 1235. Give q(f).
-3
Let j = 24652 + -24656. Let x(q) = -q**2 - 16*q - 23. Calculate x(j).
25
Let v(n) = 6*n - 65. Let r(j) = 3*j - 35. Let m(c) = -5*r(c) + 3*v(c). Suppose -q - 5*o - 52 = -4*q, -3*q + 7 = 4*o. Determine m(q).
7
Let n be -4*(-2)/(-2)*-1. Let j(w) = -2*w**3 + 38*w**2 + 41*w - 18. Let c be j(20). Let z(d) = -n*d - d + c*d + 4*d. What is z(1)?
1
Let q(m) = -6*m + 648. Let d be q(107). Let x(l) = 2*l - 7. Determine x(d).
5
Let i(k) = -k**3 - 11*k**2 + 6*k. Suppose 4*y - c = -46, 5*y + 5*c - 6*c = -57. Determine i(y).
-66
Let n(l) be the third derivative of l**4/24 + 10*l**3/3 + 2*l**2 - 1374. Calculate n(5).
25
Let h(w) = 5 - 6 - w + 5 + 0*w. Let x(o) = -192*o - 2887. Let j be x(-15). Calculate h(j).
11
Let t(h) = -2*h**3 - 15*h**2 + 10*h + 24. Let l(w) = 3*w**3 + 29*w**2 - 19*w - 48. Let m(q) = -3*l(q) - 5*t(q). Calculate m(11).
-20
Let d(c) = -33*c - 292717 + 292505 + 9*c. Give d(-9).
4
Let q be (-147)/(-24) - (-2)/(-16). Let x be q/(-11) - (-252)/99. Let w(s) = s - 2. Give w(x).
0
Let h(s) = 23*s + 10. Let f(g) = -8*g - 4. Let q(d) = -11*f(d) - 4*h(d). Let v be q(1). Let j(z) = -z**2 - z + 5. Determine j(v).
5
Suppose 0 = 11*f - 0*f - 231. Suppose -2*r = -3*r + 3, -3*r = 2*m - f. Let v(g) = g - 4*g + 2*g - 3. What is v(m)?
-9
Let c = 8 + -5. Suppose c*i + 25 = -2*i. Let l(t) be the second derivative of -t**5/20 - t**4/2 - t**3 + t**2/2 - 2*t + 971. Determine l(i).
6
Let i(m) = 8*m + 1. Let b(h) = 39*h + 114. Let q be b(-3). Suppose 4 = 2*c - 3*c. Let r(d) = -9*d - 2. Let n(l) = c*i(l) + q*r(l). Calculate n(2).
-8
Let p = -11 + 17. Suppose -2*x + 3*x = p. Let r(j) = 2*j**2 - 5*j**3 - j - 1 + x*j**3 + 0*j. Give r(-3).
-7
Let f(k) = -5*k**2 + 7*k - 1. Suppose -6*a = 260 + 178. Let i = a - -75. Determine f(i).
-7
Let m(g) = -8*g + 12 - 2*g**2 - 2*g - 3 + g**2. Let f(l) = -l**2 + 36*l - 166. Let k be f(31). What is m(k)?
-2
Suppose 3*d - d + 12 = 0. Let n be ((-2)/d)/(10/(-90)). Let r(w) = -2*w**2 - 10. Let t(h) = -7*h**2 + 2*h - 38. Let z(k) = -4*r(k) + t(k). What is z(n)?
5
Let r(u) = 2*u**2 + 19*u + 40. Let s be r(-6). Let d be (-25 - -16) + (-4 - s) + 6. Let c(y) = y + 11. Determine c(d).
6
Let w be (9/(-8))/((-18)/96). Let i(f) be the first derivative of f**2/2 - 2*f + 2. What is i(w)?
4
Let z be (23 - 1845/72)*-8. Let k(n) = -2*n**3 + 42*n**2 + 2*n - 48. Give k(z).
-6
Let i(m) = -m**3 - m**2 + 101*m - 99. Let a be i(1). Let z(r) = r**2 - 61. What is z(a)?
-61
Let h(w) = 2*w + 3 + 3 + 2*w. Let n(f) = 4*f + 6. Let l(r) = -3*h(r) + 4*n(r). Suppose -7 = -d + 34*g - 32*g, -d + g + 1 = 0. Give l(d).
-14
Let l(i) = -9*i + 8. Let c(u) be the first derivative of -5*u**2/2 + 4*u - 681. Let m be 8/(-3) + 2/(-6). Let g(a) = m*l(a) + 5*c(a). Give g(-3).
-10
Let g(n) = 3*n - 4. Suppose -2*q - 2*a + 680 = -0*a, 4*q - a = 1350. Let d = 343 - q. Give g(d).
11
Let r(b) = 126*b - 1. Let q(f) = 106*f + 7. Let c(x) = -q(x) + r(x). Determine c(0).
-8
Suppose -332*y = -384*y + 312. Let o(f) = -8*f + 42. Calculate o(y).
-6
Let a(x) be the second derivative of x**5/20 + x**4/6 - x**3/6 - x**2/2 + 23*x - 17. Give a(-3).
-7
Let t(i) be the third derivative of 5*i**4/12 + 5*i**3/6 - 88*i**2. Suppose 683 - 699 = 16*q. Give t(q).
-5
Let q(b) = b**2 + b - 23. Suppose -2*s - 170 = -2*l, -40 - 39 = s + 5*l. Let t = -84 - s. Determine q(t).
-23
Suppose -2*q + 17001 = 16959. Let h(n) = -n**3 + 24*n**2 - 64*n + 15. Calculate h(q).
-6
Let g(h) = 6*h**2 + 6*h + 3. Suppose -1708 = -5*a - 9*a. Suppose 6*c + a = 110. What is g(c)?
15
Let d(g) = -g**3 - 3*g**2 - 4*g + 2. Let n = 172 - 188. Let l(h) = -2*h**2 - 31*h + 14. Let z be l(n). Calculate d(z).
6
Let x(l) = 7*l**3 + 2*l**2 + 2*l + 1. Suppose 7*b - 3*b - 12 = 0. Let u(n) be the first derivative of n**3/3 - 3*n**2/2 - n - 6. Let f be u(b). Determine x(f).
-6
Suppose -118 = 3*i + 293. Let j = 131 + i. Let o(c) = c**2 + 3*c + 5. Give o(j).
23
Let j(b) = b**2 + b. Let k(r) = r**3 + 6*r**2 + 6*r + 7. Let s(y) = y**3 + 33*y**2 - 32*y + 63. Let o be s(-34). Let z be k(o). What is j(z)?
6
Let n(u) = -3*u + 6. Let y be 0*(0 + 2/(-6)). Suppose y = 2*b - 5*b + 6. Suppose 3*l + 8 = 5*x, 0 = x + 2*l - 10 - b. Determine n(x).
-6
Let p(g) = -g**3 + 33*g**2 - 22*g - 286. Let t be p(32). Let z(m) = -m**2 + 33*m + 44. What is z(t)?
10
Let k(u) = 5*u**3 + 2*u - 1. Suppose -4*j - 4*z + 4 = 0, 3*j + 2*z = 6*j - 13. Suppose 2*p + 26 = j*y, y + 4*p = 5*y - 36. Let t be -4*y/(-12)*6/16. Give k(t).
6
Let p(u) = -21575379*u + 0 - 4*u**3 + 5*u**2 + 7 + 21575375*u. Calculate p(3).
-68
Let k(v) = -102*v + 32*v + 2 + 40*v + 31*v - 13. Let d be 2/(-4) + (-200)/(-16). Suppose 3*n = 3 + d. Give k(n).
-6
Suppose 1946*h - 1965*h = 38. Let u(a) = -6*a - 9. Give u(h).
3
Let h(x) = -2*x**2 + 12*x - 2. Let s be h(6). Let b(t) = 4*t - 2. Let c(l) = -4*l + 1. Let z(a) = 2*b(a) + 3*c(a). Give z(s).
7
Let y(z) = 94*z + 659. Let x be 1 + -136 + 144 + (1 - 17). Determine y(x).
1
Let h(q) be the third derivative of -5/6*q**3 + 0 + 59*q**2 - 1/8*q**4 + 0*q. Determine h(-2).
1
Let p(g) = -g**2 + 7*g - 2. Let z(s) = -s**3 - 9*s**2 + 9*s + 8. Let w be z(-7). Let j = w - -159. Determine p(j).
4
Suppose 5*z - 2*y + 20 = 7*z, 46 = 4*z - 2*y. Suppose -3*m = 26 + 1. Let k = z + m. Let r(i) = i**2 - 3*i - 2. Give r(k).
-4
Let n(r) = r**2 - 4*r**3 + 3*r**3 - 7*r + 8*r**2 - 1. Let g = 15610 - 15602. What is n(g)?
7
Let u = -1059 - -1052. Let v(i) be the second derivative of 5*i**3/6 - 9*i**2/2 + 39*i. What is v(u)?
-44
Suppose 4*d = 24, 0 = 18*b - 15*b - 3*d + 69. Let t(g) = g**3 + 17*g**2 + 2*g + 13. Determine t(b).
-21
Let a(o) = 4*o - 2. Let r(n) = -5*n + 1. Let u(j) = -16*j + 4. Suppose 0 = 7*b - 30 - 26. Let d(w) = b*r(w) - 3*u(w). Let y(f) = -7*a(f) + 4*d(f). Give y(-3).
-14
Let z(y) = 3*y**3 + 9*y + 9. Let b = -16784 - -16783. What is z(b)?
-3
Suppose 229 = 189*p - 52 - 97. Let m be 3 - 2*(-1)/(-2). Let i(z) = -5*z**m + 1 - 3*z + 3*z. Determine i(p).
-19
Let b = 16 + -14. Suppose -2*o - 5*z + 18 + 10 = 0, b*o = 4*z - 8. Suppose 3*r = o*t + 35, -4*t - 7 = 3*r - 2. Let w(q) = q**2 + 5*q + 4. Give w(t).
4
Let w(l) be the first derivative of -4*l**3/3 + 7*l**2 + 4*l + 1839. What is w(6)?
-56
Let d be ((-96)/30)/((-32)/120). Let o(v) be the third derivative of -d*v**2 - 1/12*v**4 + 0 + 0*v + 1/6*v**3. Calculate o(2).
-3
Let l be (-1 - 45/210*-7)/((-2)/(-4)). Let i(y) = y**2 - 35*y + 31. What is i(l)?
-3
Let y be -6*2*1/4. Let k(i) = -329*i - 503*i - 498*i + 1331*i - 3 - 3*i**2. Determine k(y).
-33
Let h(q) = -q**2 + 9*q + 7. Let t be ((-4)/(-5))/((-4)/(-50)). Let p be h(t). Let j be (p - -2 - -2)*0. Let k(g) = g - 11. Calculate k(j).
-11
Let x(g) be the third derivative of g**7/5040 + g**6/240 + 37*g**5/60 + 14*g**2. Let s(j) be the third derivative of x(j). Give s(-4).
-1
Let w(u) = -1797 + u + 877 - 17*u**2 + 872 + 52*u**2 + 0*u**3 - u**3. Give w(35).
-13
Let q(c) = c**2 - 13*c + 14. Let i(k) = k**2 - 15*k + 51. Let a be i(11). Determine q(a).
-28
Let r(a) be the first derivative of -a**6/30 - a**5/60 - a**4/24 + a**3/6 - 59*a**2/2 - 43. Let u(h) be the second derivative of r(h)